**3 - 55*m - 106. What are the prime factors of n(-2)?
2, 3, 5, 331
Let o = 84524 - 51666. What are the prime factors of o?
2, 7, 2347
Let q(x) = -20*x**3 + 12*x**2 + 11*x - 79. What are the prime factors of q(-11)?
2, 13, 67
Suppose 0 = -2*q - 10*w + 5*w + 35, 3*w - 5 = 2*q. Suppose -336 = q*h - 946. List the prime factors of h.
2, 61
Let l(h) be the second derivative of h**5/30 + h**4/3 + h**3/2 - 21*h**2/2 + 2*h. Let b(j) be the first derivative of l(j). What are the prime factors of b(7)?
157
Let x(h) = 11*h**2 - 14*h - 15. Let s be x(-15). What are the prime factors of (-2)/(-6)*(-5)/((-25)/s)?
2, 89
Suppose -4*s + 4*k = -59756, -156*s - 74698 = -161*s + 2*k. What are the prime factors of s?
2, 3, 5, 83
Let w = -760 - -1078. Suppose -96 = -6*y + w. Let d = 12 + y. List the prime factors of d.
3
Suppose 5*q + 15938 = 5*s - 23637, 2*q = -s + 7900. List the prime factors of s.
2, 5, 7, 113
What are the prime factors of (1/2)/((-19157)/(-9578) - 2)?
4789
Suppose -7*y + 127 - 232 = 0. What are the prime factors of (2 - 311*2)/(y/15)?
2, 5, 31
Suppose 5*s = 16*m + 29232, -2*s + 0*m = -m - 11682. List the prime factors of s.
2, 5, 73
Suppose -34095 = -3*f + 4*i, -247*f - 45446 = -251*f + 3*i. List the prime factors of f.
41, 277
Let a = 21 + -42. Let k = -17 - a. Suppose -30 = -k*q - q. List the prime factors of q.
2, 3
Suppose 0 = -33*d + 2 + 262. What are the prime factors of (-3)/(-6) + 7044/d?
881
Suppose 3*x = 3*z, 7*x = 2*x + 2*z. Let v be (x + 18)*180/(-40) + 2. Let g = v - -277. List the prime factors of g.
2, 3, 11
Suppose 5*v + 461 = 101. Let x be v*(3 + (-11)/3). Suppose x*k = 46*k + 128. What are the prime factors of k?
2
Let h be ((-1170)/(-780))/(-1 - 14/(-20)). Let c(k) be the second derivative of 7*k**4/12 + k**3 + 9*k**2 + k. List the prime factors of c(h).
163
Let d(t) = 8*t - 77. Suppose 5*o + 2*m - 79 = 0, 3*o - 2*m + 19 = 4*o. List the prime factors of d(o).
43
Let f = -9502 - -20849. List the prime factors of f.
7, 1621
Let g = 16729 - 12394. List the prime factors of g.
3, 5, 17
Suppose -4*x = 2*l - 6*l - 184, 3*x - 134 = 4*l. What are the prime factors of (280/x + -4)/((-2)/(-1405))?
2, 281
Let t(r) = -2*r**3 - r - 1. Let y be t(-1). Suppose -y*v + 22 = 3*m, 3*m = 2*v + 2*v - 8. List the prime factors of (1/3)/(m - (-5682)/(-1422)).
79
Let f = 7025 - 2372. Suppose 3*x + b - f = 4*b, 5*b = -2*x + 3123. List the prime factors of x.
2, 3, 7, 37
Let w(g) = 3*g**2 + 46*g - 16. Let m be w(29). Suppose -1309 + m = 4*c. List the prime factors of c.
3, 211
Let w(p) = 118*p + 5187. List the prime factors of w(6).
3, 5, 131
Suppose -4*c - 5*l = -49, -3*c + 9 = -l - 4. Suppose -5*i = 16 - c, -3*i - 451 = -f. Suppose 99 = 8*x - f. List the prime factors of x.
2, 17
Let c = -2231 + 15894. List the prime factors of c.
13, 1051
Suppose -10*u + 3360 = -0*u. Suppose -2*c + 696 = -u. Suppose -c = 13*s - 16*s. What are the prime factors of s?
2, 43
Let l(u) = 2*u**2 - 31*u + 558. What are the prime factors of l(17)?
3, 7, 29
Suppose -605*r + 604*r = 22. Let c(k) = k**2 - 19*k + 139. List the prime factors of c(r).
3, 347
Let c(z) be the first derivative of -1/3*z**3 - 41 - 16*z**2 + 31*z. What are the prime factors of c(-16)?
7, 41
Let z be (13/(-26))/((-1)/8). Suppose -16 = -4*j + g, z*j - 20 = -j + 4*g. Suppose j*f + 3*h - 81 = 178, -f + 2*h = -62. List the prime factors of f.
2
What are the prime factors of (44 - 24 - -52)/(-1*(-2)/1652)?
2, 3, 7, 59
Suppose 27710 = -13*t + 106802. What are the prime factors of t?
2, 3, 13
Suppose 19*z + 22 = -16. What are the prime factors of -125*(62/(-60) - z/(-12))?
2, 3, 5
Suppose 7*g - 1080 = 2*g. Suppose -94*a - 1260 = -84*a. Let x = g + a. What are the prime factors of x?
2, 3, 5
Suppose -3*w + 4021 = 2*v - 47990, 0 = 4*v - 4*w - 103952. What are the prime factors of v?
3, 5, 1733
Suppose -x + 3*x = -4*k, 0 = 3*x - 4*k. Suppose 64*j - 67*j + 1353 = x. What are the prime factors of j?
11, 41
Suppose -4*v + 227*j = 225*j - 39508, 0 = -4*v + 3*j + 39502. What are the prime factors of v?
2, 5, 13, 19
Let r(p) = 574*p**2 + 132*p + 474. What are the prime factors of r(-4)?
2, 5, 11, 83
Suppose -12 = 3*n - 9, 0 = 2*i + n - 11901. What are the prime factors of i?
11, 541
Suppose 0 = w + 3*k - 20, 0 = 4*w - 7*w - 3*k + 36. What are the prime factors of (2990/40)/((w/4)/16)?
2, 13, 23
Suppose 3*q + 44*c - 70545 = 46*c, -4*c = 5*q - 117531. List the prime factors of q.
3, 17, 461
Suppose -13 - 27 = -k. Suppose -v = -224 - k. What are the prime factors of v?
2, 3, 11
Let f be (-2)/(-15) - 364/(-195). Suppose 5*j = 4*k - 204 - 86, k = -f*j + 79. What are the prime factors of k?
3, 5
Let h(t) = 9*t**2 - 73*t + 20. What are the prime factors of h(-4)?
2, 3, 19
What are the prime factors of (-64904)/(-104) - (189/91 + -2)?
2, 3, 13
Suppose 2*i - 7*i - 15 = 0. Let a be ((-2)/5)/(((-9)/15)/i). What are the prime factors of 3/a - 5535/(-54)?
101
Let n = 90 - 237. Let c be (n - (-9 + 4))/(-2). Let k = 128 - c. What are the prime factors of k?
3, 19
Suppose 0 = 3*c + 3*o - 63759, 83090 = 5*c - 2*o - 23217. List the prime factors of c.
7, 3037
Let p(o) = -o**3 + 4*o**2 + 4*o - 1. Let u be p(3). Let f be 3*8/u*305/6. Suppose -273 + f = -2*k. What are the prime factors of k?
2, 53
Let d be (-8)/44 - 136/(-22). Suppose -d*x - 10 - 2 = 0. What are the prime factors of (-393)/x + 1 - (-10)/(-20)?
197
Suppose 17*v - 18*v - 31941 = -3*r, -4*r - 4*v = -42572. List the prime factors of r.
2, 5323
Let l(k) = -k**2 - 15*k - 16. Let q be l(-24). Let x = 405 + q. List the prime factors of x.
173
Let u(l) = -2*l**2 - 21*l - 21. Let t be 87/15 + -6 - (-39)/(-5). Let a be u(t). Let p = a - -63. List the prime factors of p.
2, 41
Suppose 88*t - 49580 = 68*t. List the prime factors of t.
37, 67
What are the prime factors of ((-76)/(-10) - 6)*20120/16?
2, 503
Suppose -5*u - 2*z - 2414 = -11448, 3*z - 7223 = -4*u. What are the prime factors of u?
2, 113
Suppose -167*b + 157*b = -20. Suppose -b*j + 2052 = -h, -h = 5*j - 677 - 4460. What are the prime factors of j?
13, 79
Let i(a) = -10*a**3 - a. Let w be i(1). Let n = 413 + w. Suppose 3*f + 290 = 2*o, -2*f - 33 - n = -3*o. What are the prime factors of o?
5, 29
Let f be (-18)/(-5)*((-30)/9)/1. Let b be ((-6)/9)/(f/(-27))*-4. What are the prime factors of 1330/7 + -3 + b + -2?
191
Suppose -3*f + 3*m = 5*m - 72, -9 = -3*m. Suppose -u + z = -14, -4*z - z - f = -u. What are the prime factors of 561/9 - 2 - (-8)/u?
61
Let a be (-1)/((-76)/(-20) + -4). Suppose 0 = -a*v + 3*v. Suppose d = x - 0*x - 57, v = 5*x + 5*d - 245. What are the prime factors of x?
53
Let p(w) be the second derivative of -5*w**3/6 - 25*w**2/2 + 3*w. Let a be p(-5). Suppose a = -x + 14 + 35. What are the prime factors of x?
7
Let x(n) = -1304 - 7*n - 1310 + 2570. List the prime factors of x(-9).
19
Suppose g = -0*g + 1. Let f be ((-1548)/(-48))/(g/(-4)). Let i = -77 - f. List the prime factors of i.
2, 13
Let g be ((-35)/(-21))/((-7)/(-126)). Let z = g - -235. List the prime factors of z.
5, 53
Let c(g) = g**3 - 9*g**2 - 103*g - 42. What are the prime factors of c(26)?
2, 3, 17, 43
Let g be (3 - 4)*(-4 - -321). Let v = 163 - g. List the prime factors of v.
2, 3, 5
Suppose 153 = 25*y - 147. Let v(n) = n**2 + 30*n - 66. List the prime factors of v(y).
2, 3, 73
Suppose 57*d - 1427888 = -119*d. What are the prime factors of d?
7, 19, 61
Suppose -18145 = -3*x - 7*v + 2*v, 5*x - 3*v = 30287. What are the prime factors of x?
5, 7, 173
Let n be -95 - (-1 - -5)/2. Let d = 690 + n. What are the prime factors of d?
593
Let w(t) = 1225*t**3 - 3*t**2 + 3*t - 1. Let p be w(1). Suppose 18*l - p = 12*l. What are the prime factors of l?
2, 3, 17
Suppose -66*r - 126258 + 512820 = 0. What are the prime factors of r?
5857
List the prime factors of ((-2)/3)/((-20)/15)*13556.
2, 3389
Suppose -4*w = -4*n - 88, 3*n = -2*w - 0*n + 59. Let r(f) = 3*f - 15. Let j be r(w). Suppose -41*v + j = -39*v. What are the prime factors of v?
2, 3, 5
Let q be -4*42*(-396)/108. Suppose -2328 - q = -16*t. What are the prime factors of t?
2, 23
Let c = -610 + 612. Suppose -g + 1283 = -5*w + 364, -3*w + 1864 = c*g. List the prime factors of g.
929
Suppose 10 = 5*b - 25. Let x(m) be the third derivative of -m**6/120 + m**5/6 - m**4/12 - 4*m**3/3 - 87*m**2. What 